{"id":82,"date":"2019-07-02T19:56:51","date_gmt":"2019-07-02T19:56:51","guid":{"rendered":"http:\/\/carrefourdespatrimoines.fr\/?page_id=82"},"modified":"2022-11-17T11:06:18","modified_gmt":"2022-11-17T10:06:18","slug":"autour-de-nous","status":"publish","type":"page","link":"https:\/\/carrefourdespatrimoines.fr\/?page_id=82","title":{"rendered":"Autour de nous"},"content":{"rendered":"\t\t<div data-elementor-type=\"wp-page\" data-elementor-id=\"82\" class=\"elementor elementor-82\">\n\t\t\t\t\t\t<div class=\"elementor-inner\">\n\t\t\t\t<div class=\"elementor-section-wrap\">\n\t\t\t\t\t\t\t\t\t<section class=\"elementor-section elementor-top-section elementor-element elementor-element-98700db sc_layouts_row_delimiter elementor-section-boxed elementor-section-height-default elementor-section-height-default sc_fly_static\" data-id=\"98700db\" data-element_type=\"section\">\n\t\t\t\t\t\t<div class=\"elementor-container elementor-column-gap-extended\">\n\t\t\t\t\t\t\t<div class=\"elementor-row\">\n\t\t\t\t\t<div class=\"elementor-column elementor-col-100 elementor-top-column elementor-element elementor-element-f55b0c8 sc_inner_width_none sc_content_align_inherit sc_layouts_column_icons_position_left sc_fly_static\" data-id=\"f55b0c8\" data-element_type=\"column\">\n\t\t\t<div class=\"elementor-column-wrap elementor-element-populated\">\n\t\t\t\t\t\t\t<div class=\"elementor-widget-wrap\">\n\t\t\t\t\t\t<div class=\"elementor-element elementor-element-8a3a598 animation_type_block sc_fly_static elementor-widget elementor-widget-trx_sc_blogger\" data-id=\"8a3a598\" data-element_type=\"widget\" data-widget_type=\"trx_sc_blogger.default\">\n\t\t\t\t<div class=\"elementor-widget-container\">\n\t\t\t<div \t\tclass=\"sc_blogger sc_blogger_illustration sc_blogger_illustration_classic_simple sc_item_filters_tabs_none alignnone\"><div class=\"sc_blogger_columns_wrap sc_item_columns sc_item_posts_container trx_addons_columns_wrap columns_padding_bottom columns_in_single_row\"><div class=\"trx_addons_column-1_8\"><div data-post-id=\"622\" data-item-number=\"1\" class=\"sc_blogger_item sc_item_container post_container sc_blogger_item_illustration sc_blogger_item_illustration_classic_simple sc_blogger_item_odd sc_blogger_item_align_none post_format_standard sc_blogger_item_with_image sc_blogger_item_no_excerpt sc_blogger_item_image_position_top post-622 cpt_portfolio type-cpt_portfolio status-publish has-post-thumbnail hentry cpt_portfolio_group-amis\"><div class=\"sc_blogger_item_body\"><div class=\"post_featured with_thumb hover_extra sc_item_featured sc_blogger_item_featured\"><img loading=\"lazy\" decoding=\"async\" width=\"1024\" height=\"694\" src=\"https:\/\/carrefourdespatrimoines.fr\/wp-content\/uploads\/2019\/08\/esclozes-adour-anes-pyrenees-1.jpg\" class=\"attachment-large size-large wp-post-image\" alt=\"\" srcset=\"https:\/\/carrefourdespatrimoines.fr\/wp-content\/uploads\/2019\/08\/esclozes-adour-anes-pyrenees-1.jpg 1024w, https:\/\/carrefourdespatrimoines.fr\/wp-content\/uploads\/2019\/08\/esclozes-adour-anes-pyrenees-1-300x203.jpg 300w, https:\/\/carrefourdespatrimoines.fr\/wp-content\/uploads\/2019\/08\/esclozes-adour-anes-pyrenees-1-600x407.jpg 600w, https:\/\/carrefourdespatrimoines.fr\/wp-content\/uploads\/2019\/08\/esclozes-adour-anes-pyrenees-1-768x521.jpg 768w, https:\/\/carrefourdespatrimoines.fr\/wp-content\/uploads\/2019\/08\/esclozes-adour-anes-pyrenees-1-370x251.jpg 370w, https:\/\/carrefourdespatrimoines.fr\/wp-content\/uploads\/2019\/08\/esclozes-adour-anes-pyrenees-1-760x515.jpg 760w\" sizes=\"auto, (max-width: 1024px) 100vw, 1024px\" \/>\t\t\t\t\t\t<div class=\"mask\"><\/div>\n\t\t\t\t\t\t\t\t\t<a href=\"https:\/\/carrefourdespatrimoines.fr\/?cpt_portfolio=courtaou-des-esclozes\"  aria-hidden=\"true\" class=\"extra\"><img decoding=\"async\" src=\"https:\/\/carrefourdespatrimoines.fr\/wp-content\/themes\/confix\/skins\/default\/images\/eye-open.png\" alt=\"#\"><\/a>\n\t\t\t<div class=\"post_info_br\"><h5 class=\"sc_blogger_item_title entry-title\" data-item-number=\"1\"><a href=\"https:\/\/carrefourdespatrimoines.fr\/?cpt_portfolio=courtaou-des-esclozes\" rel=\"bookmark\">Le courtaou des Esclozes<\/a><\/h5><div class=\"sc_blogger_item_button sc_item_button\"><a href=\"https:\/\/carrefourdespatrimoines.fr\/?cpt_portfolio=courtaou-des-esclozes\" class=\"sc_button sc_button_simple\">En savoir plus<\/a><\/div><\/div><a class=\"post_link sc_blogger_item_link\" href=\"https:\/\/carrefourdespatrimoines.fr\/?cpt_portfolio=courtaou-des-esclozes\"><\/a><\/div><\/div><\/div><\/div><div class=\"trx_addons_column-1_8\"><div data-post-id=\"623\" data-item-number=\"2\" class=\"sc_blogger_item sc_item_container post_container sc_blogger_item_illustration sc_blogger_item_illustration_classic_simple sc_blogger_item_even sc_blogger_item_align_none post_format_standard sc_blogger_item_with_image sc_blogger_item_no_excerpt sc_blogger_item_image_position_top post-623 cpt_portfolio type-cpt_portfolio status-publish has-post-thumbnail hentry cpt_portfolio_group-amis\"><div class=\"sc_blogger_item_body\"><div class=\"post_featured with_thumb hover_extra sc_item_featured sc_blogger_item_featured\"><img loading=\"lazy\" decoding=\"async\" width=\"1024\" height=\"768\" src=\"https:\/\/carrefourdespatrimoines.fr\/wp-content\/uploads\/2019\/08\/004_2002_INDUS_2002-88-1024x768.jpg\" class=\"attachment-large size-large wp-post-image\" alt=\"\" srcset=\"https:\/\/carrefourdespatrimoines.fr\/wp-content\/uploads\/2019\/08\/004_2002_INDUS_2002-88-1024x768.jpg 1024w, https:\/\/carrefourdespatrimoines.fr\/wp-content\/uploads\/2019\/08\/004_2002_INDUS_2002-88-300x225.jpg 300w, https:\/\/carrefourdespatrimoines.fr\/wp-content\/uploads\/2019\/08\/004_2002_INDUS_2002-88-768x576.jpg 768w, https:\/\/carrefourdespatrimoines.fr\/wp-content\/uploads\/2019\/08\/004_2002_INDUS_2002-88-370x278.jpg 370w, https:\/\/carrefourdespatrimoines.fr\/wp-content\/uploads\/2019\/08\/004_2002_INDUS_2002-88-520x390.jpg 520w, https:\/\/carrefourdespatrimoines.fr\/wp-content\/uploads\/2019\/08\/004_2002_INDUS_2002-88-760x570.jpg 760w, https:\/\/carrefourdespatrimoines.fr\/wp-content\/uploads\/2019\/08\/004_2002_INDUS_2002-88-600x450.jpg 600w, https:\/\/carrefourdespatrimoines.fr\/wp-content\/uploads\/2019\/08\/004_2002_INDUS_2002-88.jpg 1500w\" sizes=\"auto, (max-width: 1024px) 100vw, 1024px\" \/>\t\t\t\t\t\t<div class=\"mask\"><\/div>\n\t\t\t\t\t\t\t\t\t<a href=\"https:\/\/carrefourdespatrimoines.fr\/?cpt_portfolio=espiadet\"  aria-hidden=\"true\" class=\"extra\"><img decoding=\"async\" src=\"https:\/\/carrefourdespatrimoines.fr\/wp-content\/themes\/confix\/skins\/default\/images\/eye-open.png\" alt=\"#\"><\/a>\n\t\t\t<div class=\"post_info_br\"><h5 class=\"sc_blogger_item_title entry-title\" data-item-number=\"2\"><a href=\"https:\/\/carrefourdespatrimoines.fr\/?cpt_portfolio=espiadet\" rel=\"bookmark\">La carri\u00e8re de l&#8217;Espiadet<\/a><\/h5><div class=\"sc_blogger_item_button sc_item_button\"><a href=\"https:\/\/carrefourdespatrimoines.fr\/?cpt_portfolio=espiadet\" class=\"sc_button sc_button_simple\">En savoir plus<\/a><\/div><\/div><a class=\"post_link sc_blogger_item_link\" href=\"https:\/\/carrefourdespatrimoines.fr\/?cpt_portfolio=espiadet\"><\/a><\/div><\/div><\/div><\/div><div class=\"trx_addons_column-1_8\"><div data-post-id=\"3038\" data-item-number=\"3\" class=\"sc_blogger_item sc_item_container post_container sc_blogger_item_illustration sc_blogger_item_illustration_classic_simple sc_blogger_item_odd sc_blogger_item_align_none post_format_standard sc_blogger_item_with_image sc_blogger_item_no_excerpt sc_blogger_item_image_position_top post-3038 cpt_portfolio type-cpt_portfolio status-publish has-post-thumbnail hentry cpt_portfolio_group-amis\"><div class=\"sc_blogger_item_body\"><div class=\"post_featured with_thumb hover_extra sc_item_featured sc_blogger_item_featured\"><img loading=\"lazy\" decoding=\"async\" width=\"1024\" height=\"682\" src=\"https:\/\/carrefourdespatrimoines.fr\/wp-content\/uploads\/2021\/11\/mathieu-pinaud-16-1024x682.jpg\" class=\"attachment-large size-large wp-post-image\" alt=\"\" srcset=\"https:\/\/carrefourdespatrimoines.fr\/wp-content\/uploads\/2021\/11\/mathieu-pinaud-16-1024x682.jpg 1024w, https:\/\/carrefourdespatrimoines.fr\/wp-content\/uploads\/2021\/11\/mathieu-pinaud-16-300x200.jpg 300w, https:\/\/carrefourdespatrimoines.fr\/wp-content\/uploads\/2021\/11\/mathieu-pinaud-16-600x400.jpg 600w, https:\/\/carrefourdespatrimoines.fr\/wp-content\/uploads\/2021\/11\/mathieu-pinaud-16-768x512.jpg 768w, https:\/\/carrefourdespatrimoines.fr\/wp-content\/uploads\/2021\/11\/mathieu-pinaud-16-1536x1024.jpg 1536w, https:\/\/carrefourdespatrimoines.fr\/wp-content\/uploads\/2021\/11\/mathieu-pinaud-16-370x247.jpg 370w, https:\/\/carrefourdespatrimoines.fr\/wp-content\/uploads\/2021\/11\/mathieu-pinaud-16-760x507.jpg 760w, https:\/\/carrefourdespatrimoines.fr\/wp-content\/uploads\/2021\/11\/mathieu-pinaud-16.jpg 2000w\" sizes=\"auto, (max-width: 1024px) 100vw, 1024px\" \/>\t\t\t\t\t\t<div class=\"mask\"><\/div>\n\t\t\t\t\t\t\t\t\t<a href=\"https:\/\/carrefourdespatrimoines.fr\/?cpt_portfolio=le-pic-du-midi\"  aria-hidden=\"true\" class=\"extra\"><img decoding=\"async\" src=\"https:\/\/carrefourdespatrimoines.fr\/wp-content\/themes\/confix\/skins\/default\/images\/eye-open.png\" alt=\"#\"><\/a>\n\t\t\t<div class=\"post_info_br\"><h5 class=\"sc_blogger_item_title entry-title\" data-item-number=\"3\"><a href=\"https:\/\/carrefourdespatrimoines.fr\/?cpt_portfolio=le-pic-du-midi\" rel=\"bookmark\">Le Pic du Midi<\/a><\/h5><div class=\"sc_blogger_item_button sc_item_button\"><a href=\"https:\/\/carrefourdespatrimoines.fr\/?cpt_portfolio=le-pic-du-midi\" class=\"sc_button sc_button_simple\">En savoir plus<\/a><\/div><\/div><a class=\"post_link sc_blogger_item_link\" href=\"https:\/\/carrefourdespatrimoines.fr\/?cpt_portfolio=le-pic-du-midi\"><\/a><\/div><\/div><\/div><\/div><div class=\"trx_addons_column-1_8\"><div data-post-id=\"3356\" data-item-number=\"4\" class=\"sc_blogger_item sc_item_container post_container sc_blogger_item_illustration sc_blogger_item_illustration_classic_simple sc_blogger_item_even sc_blogger_item_align_none post_format_standard sc_blogger_item_with_image sc_blogger_item_no_excerpt sc_blogger_item_image_position_top post-3356 cpt_portfolio type-cpt_portfolio status-publish has-post-thumbnail hentry cpt_portfolio_group-amis\"><div class=\"sc_blogger_item_body\"><div class=\"post_featured with_thumb hover_extra sc_item_featured sc_blogger_item_featured\"><img loading=\"lazy\" decoding=\"async\" width=\"1024\" height=\"764\" src=\"https:\/\/carrefourdespatrimoines.fr\/wp-content\/uploads\/2021\/11\/mounaques-0-1024x764.jpg\" class=\"attachment-large size-large wp-post-image\" alt=\"\" srcset=\"https:\/\/carrefourdespatrimoines.fr\/wp-content\/uploads\/2021\/11\/mounaques-0-1024x764.jpg 1024w, https:\/\/carrefourdespatrimoines.fr\/wp-content\/uploads\/2021\/11\/mounaques-0-300x224.jpg 300w, https:\/\/carrefourdespatrimoines.fr\/wp-content\/uploads\/2021\/11\/mounaques-0-768x573.jpg 768w, https:\/\/carrefourdespatrimoines.fr\/wp-content\/uploads\/2021\/11\/mounaques-0-1536x1147.jpg 1536w, https:\/\/carrefourdespatrimoines.fr\/wp-content\/uploads\/2021\/11\/mounaques-0-370x276.jpg 370w, https:\/\/carrefourdespatrimoines.fr\/wp-content\/uploads\/2021\/11\/mounaques-0-760x567.jpg 760w, https:\/\/carrefourdespatrimoines.fr\/wp-content\/uploads\/2021\/11\/mounaques-0-600x448.jpg 600w, https:\/\/carrefourdespatrimoines.fr\/wp-content\/uploads\/2021\/11\/mounaques-0.jpg 2000w\" sizes=\"auto, (max-width: 1024px) 100vw, 1024px\" \/>\t\t\t\t\t\t<div class=\"mask\"><\/div>\n\t\t\t\t\t\t\t\t\t<a href=\"https:\/\/carrefourdespatrimoines.fr\/?cpt_portfolio=les-mounaques-de-campan\"  aria-hidden=\"true\" class=\"extra\"><img decoding=\"async\" src=\"https:\/\/carrefourdespatrimoines.fr\/wp-content\/themes\/confix\/skins\/default\/images\/eye-open.png\" alt=\"#\"><\/a>\n\t\t\t<div class=\"post_info_br\"><h5 class=\"sc_blogger_item_title entry-title\" data-item-number=\"4\"><a href=\"https:\/\/carrefourdespatrimoines.fr\/?cpt_portfolio=les-mounaques-de-campan\" rel=\"bookmark\">Les Mounaques de Campan<\/a><\/h5><div class=\"sc_blogger_item_button sc_item_button\"><a href=\"https:\/\/carrefourdespatrimoines.fr\/?cpt_portfolio=les-mounaques-de-campan\" class=\"sc_button sc_button_simple\">En savoir plus<\/a><\/div><\/div><a class=\"post_link sc_blogger_item_link\" href=\"https:\/\/carrefourdespatrimoines.fr\/?cpt_portfolio=les-mounaques-de-campan\"><\/a><\/div><\/div><\/div><\/div><div class=\"trx_addons_column-1_8\"><div data-post-id=\"3363\" data-item-number=\"5\" class=\"sc_blogger_item sc_item_container post_container sc_blogger_item_illustration sc_blogger_item_illustration_classic_simple sc_blogger_item_odd sc_blogger_item_align_none post_format_standard sc_blogger_item_with_image sc_blogger_item_no_excerpt sc_blogger_item_image_position_top post-3363 cpt_portfolio type-cpt_portfolio status-publish has-post-thumbnail hentry cpt_portfolio_group-amis\"><div class=\"sc_blogger_item_body\"><div class=\"post_featured with_thumb hover_extra sc_item_featured sc_blogger_item_featured\"><img loading=\"lazy\" decoding=\"async\" width=\"1024\" height=\"683\" src=\"https:\/\/carrefourdespatrimoines.fr\/wp-content\/uploads\/2021\/11\/maison-ferreres-1024x683.jpg\" class=\"attachment-large size-large wp-post-image\" alt=\"\" srcset=\"https:\/\/carrefourdespatrimoines.fr\/wp-content\/uploads\/2021\/11\/maison-ferreres-1024x683.jpg 1024w, https:\/\/carrefourdespatrimoines.fr\/wp-content\/uploads\/2021\/11\/maison-ferreres-300x200.jpg 300w, https:\/\/carrefourdespatrimoines.fr\/wp-content\/uploads\/2021\/11\/maison-ferreres-768x512.jpg 768w, https:\/\/carrefourdespatrimoines.fr\/wp-content\/uploads\/2021\/11\/maison-ferreres-1536x1024.jpg 1536w, https:\/\/carrefourdespatrimoines.fr\/wp-content\/uploads\/2021\/11\/maison-ferreres-370x247.jpg 370w, https:\/\/carrefourdespatrimoines.fr\/wp-content\/uploads\/2021\/11\/maison-ferreres-760x507.jpg 760w, https:\/\/carrefourdespatrimoines.fr\/wp-content\/uploads\/2021\/11\/maison-ferreres-600x400.jpg 600w, https:\/\/carrefourdespatrimoines.fr\/wp-content\/uploads\/2021\/11\/maison-ferreres.jpg 2048w\" sizes=\"auto, (max-width: 1024px) 100vw, 1024px\" \/>\t\t\t\t\t\t<div class=\"mask\"><\/div>\n\t\t\t\t\t\t\t\t\t<a href=\"https:\/\/carrefourdespatrimoines.fr\/?cpt_portfolio=maison-des-ferrere-et-du-baroque-pyreneen\"  aria-hidden=\"true\" class=\"extra\"><img decoding=\"async\" src=\"https:\/\/carrefourdespatrimoines.fr\/wp-content\/themes\/confix\/skins\/default\/images\/eye-open.png\" alt=\"#\"><\/a>\n\t\t\t<div class=\"post_info_br\"><h5 class=\"sc_blogger_item_title entry-title\" data-item-number=\"5\"><a href=\"https:\/\/carrefourdespatrimoines.fr\/?cpt_portfolio=maison-des-ferrere-et-du-baroque-pyreneen\" rel=\"bookmark\">Maison des Ferr\u00e8re et du Baroque pyr\u00e9n\u00e9en<\/a><\/h5><div class=\"sc_blogger_item_button sc_item_button\"><a href=\"https:\/\/carrefourdespatrimoines.fr\/?cpt_portfolio=maison-des-ferrere-et-du-baroque-pyreneen\" class=\"sc_button sc_button_simple\">En savoir plus<\/a><\/div><\/div><a class=\"post_link sc_blogger_item_link\" href=\"https:\/\/carrefourdespatrimoines.fr\/?cpt_portfolio=maison-des-ferrere-et-du-baroque-pyreneen\"><\/a><\/div><\/div><\/div><\/div><div class=\"trx_addons_column-1_8\"><div data-post-id=\"3370\" data-item-number=\"6\" class=\"sc_blogger_item sc_item_container post_container sc_blogger_item_illustration sc_blogger_item_illustration_classic_simple sc_blogger_item_even sc_blogger_item_align_none post_format_standard sc_blogger_item_with_image sc_blogger_item_no_excerpt sc_blogger_item_image_position_top post-3370 cpt_portfolio type-cpt_portfolio status-publish has-post-thumbnail hentry cpt_portfolio_group-amis\"><div class=\"sc_blogger_item_body\"><div class=\"post_featured with_thumb hover_extra sc_item_featured sc_blogger_item_featured\"><img loading=\"lazy\" decoding=\"async\" width=\"1024\" height=\"683\" src=\"https:\/\/carrefourdespatrimoines.fr\/wp-content\/uploads\/2021\/11\/Les-visiteurs-dans-le-musee-Larrey-sur-les-tarces-du-Baron-Larrey-scaled-1-1024x683.jpg\" class=\"attachment-large size-large wp-post-image\" alt=\"\" srcset=\"https:\/\/carrefourdespatrimoines.fr\/wp-content\/uploads\/2021\/11\/Les-visiteurs-dans-le-musee-Larrey-sur-les-tarces-du-Baron-Larrey-scaled-1-1024x683.jpg 1024w, https:\/\/carrefourdespatrimoines.fr\/wp-content\/uploads\/2021\/11\/Les-visiteurs-dans-le-musee-Larrey-sur-les-tarces-du-Baron-Larrey-scaled-1-300x200.jpg 300w, https:\/\/carrefourdespatrimoines.fr\/wp-content\/uploads\/2021\/11\/Les-visiteurs-dans-le-musee-Larrey-sur-les-tarces-du-Baron-Larrey-scaled-1-768x512.jpg 768w, https:\/\/carrefourdespatrimoines.fr\/wp-content\/uploads\/2021\/11\/Les-visiteurs-dans-le-musee-Larrey-sur-les-tarces-du-Baron-Larrey-scaled-1-1536x1024.jpg 1536w, https:\/\/carrefourdespatrimoines.fr\/wp-content\/uploads\/2021\/11\/Les-visiteurs-dans-le-musee-Larrey-sur-les-tarces-du-Baron-Larrey-scaled-1-2048x1366.jpg 2048w, https:\/\/carrefourdespatrimoines.fr\/wp-content\/uploads\/2021\/11\/Les-visiteurs-dans-le-musee-Larrey-sur-les-tarces-du-Baron-Larrey-scaled-1-370x247.jpg 370w, https:\/\/carrefourdespatrimoines.fr\/wp-content\/uploads\/2021\/11\/Les-visiteurs-dans-le-musee-Larrey-sur-les-tarces-du-Baron-Larrey-scaled-1-760x507.jpg 760w, https:\/\/carrefourdespatrimoines.fr\/wp-content\/uploads\/2021\/11\/Les-visiteurs-dans-le-musee-Larrey-sur-les-tarces-du-Baron-Larrey-scaled-1-600x400.jpg 600w\" sizes=\"auto, (max-width: 1024px) 100vw, 1024px\" \/>\t\t\t\t\t\t<div class=\"mask\"><\/div>\n\t\t\t\t\t\t\t\t\t<a href=\"https:\/\/carrefourdespatrimoines.fr\/?cpt_portfolio=le-musee-larrey\"  aria-hidden=\"true\" class=\"extra\"><img decoding=\"async\" src=\"https:\/\/carrefourdespatrimoines.fr\/wp-content\/themes\/confix\/skins\/default\/images\/eye-open.png\" alt=\"#\"><\/a>\n\t\t\t<div class=\"post_info_br\"><h5 class=\"sc_blogger_item_title entry-title\" data-item-number=\"6\"><a href=\"https:\/\/carrefourdespatrimoines.fr\/?cpt_portfolio=le-musee-larrey\" rel=\"bookmark\">Le mus\u00e9e Larrey<\/a><\/h5><div class=\"sc_blogger_item_button sc_item_button\"><a href=\"https:\/\/carrefourdespatrimoines.fr\/?cpt_portfolio=le-musee-larrey\" class=\"sc_button sc_button_simple\">En savoir plus<\/a><\/div><\/div><a class=\"post_link sc_blogger_item_link\" href=\"https:\/\/carrefourdespatrimoines.fr\/?cpt_portfolio=le-musee-larrey\"><\/a><\/div><\/div><\/div><\/div><div class=\"trx_addons_column-1_8\"><div data-post-id=\"3852\" data-item-number=\"7\" class=\"sc_blogger_item sc_item_container post_container sc_blogger_item_illustration sc_blogger_item_illustration_classic_simple sc_blogger_item_odd sc_blogger_item_align_none post_format_standard sc_blogger_item_with_image sc_blogger_item_no_excerpt sc_blogger_item_image_position_top post-3852 cpt_portfolio type-cpt_portfolio status-publish has-post-thumbnail hentry cpt_portfolio_group-amis\"><div class=\"sc_blogger_item_body\"><div class=\"post_featured with_thumb hover_extra sc_item_featured sc_blogger_item_featured\"><img loading=\"lazy\" decoding=\"async\" width=\"910\" height=\"512\" src=\"https:\/\/carrefourdespatrimoines.fr\/wp-content\/uploads\/2021\/11\/image-1.jpg\" class=\"attachment-large size-large wp-post-image\" alt=\"\" srcset=\"https:\/\/carrefourdespatrimoines.fr\/wp-content\/uploads\/2021\/11\/image-1.jpg 910w, https:\/\/carrefourdespatrimoines.fr\/wp-content\/uploads\/2021\/11\/image-1-300x169.jpg 300w, https:\/\/carrefourdespatrimoines.fr\/wp-content\/uploads\/2021\/11\/image-1-768x432.jpg 768w, https:\/\/carrefourdespatrimoines.fr\/wp-content\/uploads\/2021\/11\/image-1-370x208.jpg 370w, https:\/\/carrefourdespatrimoines.fr\/wp-content\/uploads\/2021\/11\/image-1-760x428.jpg 760w, https:\/\/carrefourdespatrimoines.fr\/wp-content\/uploads\/2021\/11\/image-1-600x338.jpg 600w, https:\/\/carrefourdespatrimoines.fr\/wp-content\/uploads\/2021\/11\/image-1-270x152.jpg 270w\" sizes=\"auto, (max-width: 910px) 100vw, 910px\" \/>\t\t\t\t\t\t<div class=\"mask\"><\/div>\n\t\t\t\t\t\t\t\t\t<a href=\"https:\/\/carrefourdespatrimoines.fr\/?cpt_portfolio=les-pastourelles-de-campan\"  aria-hidden=\"true\" class=\"extra\"><img decoding=\"async\" src=\"https:\/\/carrefourdespatrimoines.fr\/wp-content\/themes\/confix\/skins\/default\/images\/eye-open.png\" alt=\"#\"><\/a>\n\t\t\t<div class=\"post_info_br\"><h5 class=\"sc_blogger_item_title entry-title\" data-item-number=\"7\"><a href=\"https:\/\/carrefourdespatrimoines.fr\/?cpt_portfolio=les-pastourelles-de-campan\" rel=\"bookmark\">Les pastourelles de Campan<\/a><\/h5><div class=\"sc_blogger_item_button sc_item_button\"><a href=\"https:\/\/carrefourdespatrimoines.fr\/?cpt_portfolio=les-pastourelles-de-campan\" class=\"sc_button sc_button_simple\">En savoir plus<\/a><\/div><\/div><a class=\"post_link sc_blogger_item_link\" href=\"https:\/\/carrefourdespatrimoines.fr\/?cpt_portfolio=les-pastourelles-de-campan\"><\/a><\/div><\/div><\/div><\/div><div class=\"trx_addons_column-1_8\"><div data-post-id=\"3886\" data-item-number=\"8\" class=\"sc_blogger_item sc_item_container post_container sc_blogger_item_illustration sc_blogger_item_illustration_classic_simple sc_blogger_item_even sc_blogger_item_align_none post_format_standard sc_blogger_item_with_image sc_blogger_item_no_excerpt sc_blogger_item_image_position_top post-3886 cpt_portfolio type-cpt_portfolio status-publish has-post-thumbnail hentry cpt_portfolio_group-amis\"><div class=\"sc_blogger_item_body\"><div class=\"post_featured with_thumb hover_extra sc_item_featured sc_blogger_item_featured\"><img loading=\"lazy\" decoding=\"async\" width=\"885\" height=\"500\" src=\"https:\/\/carrefourdespatrimoines.fr\/wp-content\/uploads\/2021\/11\/image.jpg\" class=\"attachment-large size-large wp-post-image\" alt=\"\" srcset=\"https:\/\/carrefourdespatrimoines.fr\/wp-content\/uploads\/2021\/11\/image.jpg 885w, https:\/\/carrefourdespatrimoines.fr\/wp-content\/uploads\/2021\/11\/image-300x169.jpg 300w, https:\/\/carrefourdespatrimoines.fr\/wp-content\/uploads\/2021\/11\/image-768x434.jpg 768w, https:\/\/carrefourdespatrimoines.fr\/wp-content\/uploads\/2021\/11\/image-370x209.jpg 370w, https:\/\/carrefourdespatrimoines.fr\/wp-content\/uploads\/2021\/11\/image-760x429.jpg 760w, https:\/\/carrefourdespatrimoines.fr\/wp-content\/uploads\/2021\/11\/image-600x339.jpg 600w, https:\/\/carrefourdespatrimoines.fr\/wp-content\/uploads\/2021\/11\/image-270x152.jpg 270w\" sizes=\"auto, (max-width: 885px) 100vw, 885px\" \/>\t\t\t\t\t\t<div class=\"mask\"><\/div>\n\t\t\t\t\t\t\t\t\t<a href=\"https:\/\/carrefourdespatrimoines.fr\/?cpt_portfolio=lassociation-des-pecheurs-campanois\"  aria-hidden=\"true\" class=\"extra\"><img decoding=\"async\" src=\"https:\/\/carrefourdespatrimoines.fr\/wp-content\/themes\/confix\/skins\/default\/images\/eye-open.png\" alt=\"#\"><\/a>\n\t\t\t<div class=\"post_info_br\"><h5 class=\"sc_blogger_item_title entry-title\" data-item-number=\"8\"><a href=\"https:\/\/carrefourdespatrimoines.fr\/?cpt_portfolio=lassociation-des-pecheurs-campanois\" rel=\"bookmark\">Et pour vous amuser&#8230;<\/a><\/h5><div class=\"sc_blogger_item_button sc_item_button\"><a href=\"https:\/\/carrefourdespatrimoines.fr\/?cpt_portfolio=lassociation-des-pecheurs-campanois\" class=\"sc_button sc_button_simple\">En savoir plus<\/a><\/div><\/div><a class=\"post_link sc_blogger_item_link\" href=\"https:\/\/carrefourdespatrimoines.fr\/?cpt_portfolio=lassociation-des-pecheurs-campanois\"><\/a><\/div><\/div><\/div><\/div><\/div><\/div>\t\t<\/div>\n\t\t\t\t<\/div>\n\t\t\t\t\t\t<\/div>\n\t\t\t\t\t<\/div>\n\t\t<\/div>\n\t\t\t\t\t\t\t\t<\/div>\n\t\t\t\t\t<\/div>\n\t\t<\/section>\n\t\t\t\t\t\t\t\t\t<\/div>\n\t\t\t<\/div>\n\t\t\t\t\t<\/div>\n\t\t","protected":false},"excerpt":{"rendered":"<p>Le courtaou des Esclozes En savoir plus La carri\u00e8re de l\u2019Espiadet En savoir plus Le Pic du Midi En savoir plus Les Mounaques de Campan En savoir plus Maison des&hellip;<\/p>\n","protected":false},"author":1,"featured_media":3041,"parent":0,"menu_order":0,"comment_status":"closed","ping_status":"closed","template":"","meta":{"footnotes":""},"class_list":["post-82","page","type-page","status-publish","has-post-thumbnail","hentry"],"_links":{"self":[{"href":"https:\/\/carrefourdespatrimoines.fr\/index.php?rest_route=\/wp\/v2\/pages\/82","targetHints":{"allow":["GET"]}}],"collection":[{"href":"https:\/\/carrefourdespatrimoines.fr\/index.php?rest_route=\/wp\/v2\/pages"}],"about":[{"href":"https:\/\/carrefourdespatrimoines.fr\/index.php?rest_route=\/wp\/v2\/types\/page"}],"author":[{"embeddable":true,"href":"https:\/\/carrefourdespatrimoines.fr\/index.php?rest_route=\/wp\/v2\/users\/1"}],"replies":[{"embeddable":true,"href":"https:\/\/carrefourdespatrimoines.fr\/index.php?rest_route=%2Fwp%2Fv2%2Fcomments&post=82"}],"version-history":[{"count":46,"href":"https:\/\/carrefourdespatrimoines.fr\/index.php?rest_route=\/wp\/v2\/pages\/82\/revisions"}],"predecessor-version":[{"id":5788,"href":"https:\/\/carrefourdespatrimoines.fr\/index.php?rest_route=\/wp\/v2\/pages\/82\/revisions\/5788"}],"wp:featuredmedia":[{"embeddable":true,"href":"https:\/\/carrefourdespatrimoines.fr\/index.php?rest_route=\/wp\/v2\/media\/3041"}],"wp:attachment":[{"href":"https:\/\/carrefourdespatrimoines.fr\/index.php?rest_route=%2Fwp%2Fv2%2Fmedia&parent=82"}],"curies":[{"name":"wp","href":"https:\/\/api.w.org\/{rel}","templated":true}]}}