{"id":5708,"date":"2022-11-14T17:45:34","date_gmt":"2022-11-14T16:45:34","guid":{"rendered":"https:\/\/carrefourdespatrimoines.fr\/?page_id=5708"},"modified":"2025-02-10T17:39:52","modified_gmt":"2025-02-10T16:39:52","slug":"groupes-et-scolaires","status":"publish","type":"page","link":"https:\/\/carrefourdespatrimoines.fr\/?page_id=5708","title":{"rendered":"Groupes et scolaires"},"content":{"rendered":"\t\t<div data-elementor-type=\"wp-page\" data-elementor-id=\"5708\" class=\"elementor elementor-5708\">\n\t\t\t\t\t\t<div class=\"elementor-inner\">\n\t\t\t\t<div class=\"elementor-section-wrap\">\n\t\t\t\t\t\t\t\t\t<section class=\"elementor-section elementor-top-section elementor-element elementor-element-12a5677 elementor-section-boxed elementor-section-height-default elementor-section-height-default sc_fly_static\" data-id=\"12a5677\" data-element_type=\"section\">\n\t\t\t\t\t\t<div class=\"elementor-container elementor-column-gap-extended\">\n\t\t\t\t\t\t\t<div class=\"elementor-row\">\n\t\t\t\t\t<div class=\"elementor-column elementor-col-100 elementor-top-column elementor-element elementor-element-c8b375e sc_inner_width_none sc_content_align_inherit sc_layouts_column_icons_position_left sc_fly_static\" data-id=\"c8b375e\" data-element_type=\"column\">\n\t\t\t<div class=\"elementor-column-wrap elementor-element-populated\">\n\t\t\t\t\t\t\t<div class=\"elementor-widget-wrap\">\n\t\t\t\t\t\t<div class=\"elementor-element elementor-element-24aa753 animation_type_block sc_fly_static elementor-widget elementor-widget-text-editor\" data-id=\"24aa753\" data-element_type=\"widget\" data-widget_type=\"text-editor.default\">\n\t\t\t\t<div class=\"elementor-widget-container\">\n\t\t\t\t\t\t\t\t<div class=\"elementor-text-editor elementor-clearfix\">\n\t\t\t\t<p><strong><span style=\"color: #0000ff;\">GROUPES :<\/span><\/strong> A partir de 20 personnes : Adressez votre demande \u00e0 notre animatrice \u00e0 l&#8217;adresse : <strong>contact@carrefourdespatrimoines.fr<\/strong><\/p><ul><li><strong>Visite du mus\u00e9e<\/strong> : Visite guid\u00e9e de nos deux espaces d\u2019exposition : 1h00<\/li><li><strong>Visite du village<\/strong>\u00a0: Visite du village en 15 points de visite historique\u00a0: 1h00<\/li><li><strong>Tarifs :<\/strong> 5\u20ac par personne + forfait visite guid\u00e9e: 25\u20ac\u00a0 \/ Accompagnants : Gratuit .<\/li><\/ul><div><span style=\"color: #0000ff;\"><strong>SCOLAIRES\u00a0 \/ CENTRES DE VACANCES \/ CENTRES DE LOISIRS&#8230;<\/strong><\/span>\u00a0:\u00a0<br \/>Des conditions sp\u00e9ciales sont mises \u00e0 votre disposition pour construire avec vous une visite adapt\u00e9e \u00e0 vos attentes.\u00a0<br \/>Adressez votre demande et\/ou votre projet \u00e0 l&#8217;adresse : <strong>contact@carrefourdespatrimoines.fr<\/strong><\/div><div>\u00a0<\/div><p><strong><span style=\"color: #0000ff;\">MISE A DISPOSITION D&#8217;ESPACE :<\/span><\/strong>\u00a0 \u00a0 \u00a0 \u00a0 \u00a0 \u00a0 \u00a0 \u00a0 \u00a0 \u00a0 \u00a0 \u00a0 \u00a0 \u00a0 \u00a0 \u00a0 \u00a0 \u00a0 \u00a0 \u00a0 \u00a0 \u00a0 \u00a0 \u00a0 \u00a0 \u00a0 \u00a0 \u00a0 \u00a0 \u00a0 \u00a0 \u00a0 \u00a0 \u00a0 \u00a0 \u00a0 \u00a0 \u00a0 \u00a0 \u00a0 \u00a0 \u00a0 \u00a0 \u00a0 \u00a0 \u00a0 \u00a0 \u00a0 \u00a0 \u00a0 \u00a0 \u00a0 \u00a0 \u00a0 \u00a0 \u00a0 \u00a0 \u00a0 \u00a0 \u00a0 \u00a0 \u00a0 \u00a0 \u00a0 \u00a0 \u00a0 \u00a0 \u00a0 \u00a0 \u00a0 \u00a0 \u00a0 \u00a0 \u00a0 \u00a0 \u00a0 \u00a0 \u00a0 \u00a0 \u00a0 \u00a0 \u00a0 \u00a0 \u00a0 \u00a0 \u00a0 \u00a0 \u00a0 \u00a0 \u00a0 \u00a0 \u00a0 \u00a0 \u00a0 \u00a0 \u00a0 \u00a0 Vous avez besoin d&#8217;un espace tout \u00e9quip\u00e9 pour vos r\u00e9unions, s\u00e9minaires, masterclass ?\u00a0 \u00a0 \u00a0 \u00a0 \u00a0 \u00a0 \u00a0 \u00a0 \u00a0 \u00a0 \u00a0 \u00a0 \u00a0 \u00a0 \u00a0 \u00a0 \u00a0 \u00a0 \u00a0 \u00a0 \u00a0 \u00a0 \u00a0 \u00a0 \u00a0 \u00a0 \u00a0 \u00a0 \u00a0 \u00a0 \u00a0 \u00a0 \u00a0 \u00a0 \u00a0 \u00a0 \u00a0 \u00a0 \u00a0 \u00a0 \u00a0 \u00a0 \u00a0 \u00a0 \u00a0 \u00a0 Lieu de rencontres et de partages d&#8217;exp\u00e9riences, notre Carrefour peut \u00eatre mis \u00e0 votre disposition sur demande !\u00a0 \u00a0 \u00a0 \u00a0 \u00a0 \u00a0 \u00a0 \u00a0 \u00a0 \u00a0 \u00a0 \u00a0 \u00a0 \u00a0 \u00a0 \u00a0 \u00a0 \u00a0 \u00a0 \u00a0 \u00a0 Contactez-nous et\/ou envoyez-nous votre projet \u00e0 l&#8217;adresse :<strong> contact @carrefourdespatrimoines.fr<\/strong><\/p><div style=\"text-align: center;\"><strong><span style=\"color: #ff6600;\">Paiement par ch\u00e8que et\/ou en esp\u00e8ces.<\/span>\u00a0<\/strong><\/div>\t\t\t\t\t<\/div>\n\t\t\t\t\t\t<\/div>\n\t\t\t\t<\/div>\n\t\t\t\t\t\t<\/div>\n\t\t\t\t\t<\/div>\n\t\t<\/div>\n\t\t\t\t\t\t\t\t<\/div>\n\t\t\t\t\t<\/div>\n\t\t<\/section>\n\t\t\t\t<section class=\"elementor-section elementor-top-section elementor-element elementor-element-75dc814 elementor-section-boxed elementor-section-height-default elementor-section-height-default sc_fly_static\" data-id=\"75dc814\" data-element_type=\"section\">\n\t\t\t\t\t\t<div class=\"elementor-container elementor-column-gap-extended\">\n\t\t\t\t\t\t\t<div class=\"elementor-row\">\n\t\t\t\t\t<div class=\"elementor-column elementor-col-50 elementor-top-column elementor-element elementor-element-75f2b58 sc_inner_width_none sc_content_align_inherit sc_layouts_column_icons_position_left sc_fly_static\" data-id=\"75f2b58\" data-element_type=\"column\">\n\t\t\t<div class=\"elementor-column-wrap elementor-element-populated\">\n\t\t\t\t\t\t\t<div class=\"elementor-widget-wrap\">\n\t\t\t\t\t\t<div class=\"elementor-element elementor-element-626fd99 animation_type_block sc_fly_static elementor-widget elementor-widget-image\" data-id=\"626fd99\" data-element_type=\"widget\" data-widget_type=\"image.default\">\n\t\t\t\t<div class=\"elementor-widget-container\">\n\t\t\t\t\t\t\t\t<div class=\"elementor-image\">\n\t\t\t\t\t\t\t\t\t<figure class=\"wp-caption\">\n\t\t\t\t\t\t\t\t\t\t<img loading=\"lazy\" decoding=\"async\" width=\"1024\" height=\"768\" src=\"https:\/\/carrefourdespatrimoines.fr\/wp-content\/uploads\/2025\/02\/IMG_3939-1024x768.jpg\" class=\"attachment-large size-large wp-image-6436\" alt=\"\" srcset=\"https:\/\/carrefourdespatrimoines.fr\/wp-content\/uploads\/2025\/02\/IMG_3939-1024x768.jpg 1024w, https:\/\/carrefourdespatrimoines.fr\/wp-content\/uploads\/2025\/02\/IMG_3939-300x225.jpg 300w, https:\/\/carrefourdespatrimoines.fr\/wp-content\/uploads\/2025\/02\/IMG_3939-768x576.jpg 768w, https:\/\/carrefourdespatrimoines.fr\/wp-content\/uploads\/2025\/02\/IMG_3939-1536x1152.jpg 1536w, https:\/\/carrefourdespatrimoines.fr\/wp-content\/uploads\/2025\/02\/IMG_3939-2048x1536.jpg 2048w, https:\/\/carrefourdespatrimoines.fr\/wp-content\/uploads\/2025\/02\/IMG_3939-370x278.jpg 370w, https:\/\/carrefourdespatrimoines.fr\/wp-content\/uploads\/2025\/02\/IMG_3939-520x390.jpg 520w, https:\/\/carrefourdespatrimoines.fr\/wp-content\/uploads\/2025\/02\/IMG_3939-760x570.jpg 760w, https:\/\/carrefourdespatrimoines.fr\/wp-content\/uploads\/2025\/02\/IMG_3939-600x450.jpg 600w\" sizes=\"auto, (max-width: 1024px) 100vw, 1024px\" \/>\t\t\t\t\t\t\t\t\t\t\t<figcaption class=\"widget-image-caption wp-caption-text\">Salle principale du mus\u00e9e  : \u00e9cran blanc + projecteur + mat\u00e9riel de conf\u00e9rence (micro sans fil + sonorisation) +  chaises (boissons en option)<\/figcaption>\n\t\t\t\t\t\t\t\t\t\t<\/figure>\n\t\t\t\t\t\t\t\t<\/div>\n\t\t\t\t\t\t<\/div>\n\t\t\t\t<\/div>\n\t\t\t\t\t\t<\/div>\n\t\t\t\t\t<\/div>\n\t\t<\/div>\n\t\t\t\t<div class=\"elementor-column elementor-col-50 elementor-top-column elementor-element elementor-element-293bb67 sc_inner_width_none sc_content_align_inherit sc_layouts_column_icons_position_left sc_fly_static\" data-id=\"293bb67\" data-element_type=\"column\">\n\t\t\t<div class=\"elementor-column-wrap elementor-element-populated\">\n\t\t\t\t\t\t\t<div class=\"elementor-widget-wrap\">\n\t\t\t\t\t\t<div class=\"elementor-element elementor-element-c8ffdbd animation_type_block sc_fly_static elementor-widget elementor-widget-image\" data-id=\"c8ffdbd\" data-element_type=\"widget\" data-widget_type=\"image.default\">\n\t\t\t\t<div class=\"elementor-widget-container\">\n\t\t\t\t\t\t\t\t<div class=\"elementor-image\">\n\t\t\t\t\t\t\t\t\t<figure class=\"wp-caption\">\n\t\t\t\t\t\t\t\t\t\t<img loading=\"lazy\" decoding=\"async\" width=\"1024\" height=\"768\" src=\"https:\/\/carrefourdespatrimoines.fr\/wp-content\/uploads\/2022\/11\/snu-campan-06-1024x768.jpg\" class=\"attachment-large size-large wp-image-5729\" alt=\"\" srcset=\"https:\/\/carrefourdespatrimoines.fr\/wp-content\/uploads\/2022\/11\/snu-campan-06-1024x768.jpg 1024w, https:\/\/carrefourdespatrimoines.fr\/wp-content\/uploads\/2022\/11\/snu-campan-06-300x225.jpg 300w, https:\/\/carrefourdespatrimoines.fr\/wp-content\/uploads\/2022\/11\/snu-campan-06-768x576.jpg 768w, https:\/\/carrefourdespatrimoines.fr\/wp-content\/uploads\/2022\/11\/snu-campan-06-370x278.jpg 370w, https:\/\/carrefourdespatrimoines.fr\/wp-content\/uploads\/2022\/11\/snu-campan-06-520x390.jpg 520w, https:\/\/carrefourdespatrimoines.fr\/wp-content\/uploads\/2022\/11\/snu-campan-06-760x570.jpg 760w, https:\/\/carrefourdespatrimoines.fr\/wp-content\/uploads\/2022\/11\/snu-campan-06-600x450.jpg 600w, https:\/\/carrefourdespatrimoines.fr\/wp-content\/uploads\/2022\/11\/snu-campan-06.jpg 1080w\" sizes=\"auto, (max-width: 1024px) 100vw, 1024px\" \/>\t\t\t\t\t\t\t\t\t\t\t<figcaption class=\"widget-image-caption wp-caption-text\">Accueil de jeunes en Service National Universel<\/figcaption>\n\t\t\t\t\t\t\t\t\t\t<\/figure>\n\t\t\t\t\t\t\t\t<\/div>\n\t\t\t\t\t\t<\/div>\n\t\t\t\t<\/div>\n\t\t\t\t\t\t<\/div>\n\t\t\t\t\t<\/div>\n\t\t<\/div>\n\t\t\t\t\t\t\t\t<\/div>\n\t\t\t\t\t<\/div>\n\t\t<\/section>\n\t\t\t\t<section class=\"elementor-section elementor-top-section elementor-element elementor-element-0b1f29a elementor-section-boxed elementor-section-height-default elementor-section-height-default sc_fly_static\" data-id=\"0b1f29a\" data-element_type=\"section\">\n\t\t\t\t\t\t<div class=\"elementor-container elementor-column-gap-extended\">\n\t\t\t\t\t\t\t<div class=\"elementor-row\">\n\t\t\t\t\t<div class=\"elementor-column elementor-col-100 elementor-top-column elementor-element elementor-element-c70bbbb sc_inner_width_none sc_content_align_inherit sc_layouts_column_icons_position_left sc_fly_static\" data-id=\"c70bbbb\" data-element_type=\"column\">\n\t\t\t<div class=\"elementor-column-wrap elementor-element-populated\">\n\t\t\t\t\t\t\t<div class=\"elementor-widget-wrap\">\n\t\t\t\t\t\t<div class=\"elementor-element elementor-element-c30c122 animation_type_block sc_fly_static elementor-widget elementor-widget-text-editor\" data-id=\"c30c122\" data-element_type=\"widget\" data-widget_type=\"text-editor.default\">\n\t\t\t\t<div class=\"elementor-widget-container\">\n\t\t\t\t\t\t\t\t<div class=\"elementor-text-editor elementor-clearfix\">\n\t\t\t\t\t\t\t\t\t<\/div>\n\t\t\t\t\t\t<\/div>\n\t\t\t\t<\/div>\n\t\t\t\t\t\t<\/div>\n\t\t\t\t\t<\/div>\n\t\t<\/div>\n\t\t\t\t\t\t\t\t<\/div>\n\t\t\t\t\t<\/div>\n\t\t<\/section>\n\t\t\t\t\t\t\t\t\t<\/div>\n\t\t\t<\/div>\n\t\t\t\t\t<\/div>\n\t\t","protected":false},"excerpt":{"rendered":"<p>GROUPES : A partir de 20 personnes : Adressez votre demande \u00e0 notre animatrice \u00e0 l&#8217;adresse : contact@carrefourdespatrimoines.fr Visite du mus\u00e9e : Visite guid\u00e9e de nos deux espaces d\u2019exposition :&hellip;<\/p>\n","protected":false},"author":1,"featured_media":5712,"parent":0,"menu_order":0,"comment_status":"closed","ping_status":"closed","template":"","meta":{"footnotes":""},"class_list":["post-5708","page","type-page","status-publish","has-post-thumbnail","hentry"],"_links":{"self":[{"href":"https:\/\/carrefourdespatrimoines.fr\/index.php?rest_route=\/wp\/v2\/pages\/5708","targetHints":{"allow":["GET"]}}],"collection":[{"href":"https:\/\/carrefourdespatrimoines.fr\/index.php?rest_route=\/wp\/v2\/pages"}],"about":[{"href":"https:\/\/carrefourdespatrimoines.fr\/index.php?rest_route=\/wp\/v2\/types\/page"}],"author":[{"embeddable":true,"href":"https:\/\/carrefourdespatrimoines.fr\/index.php?rest_route=\/wp\/v2\/users\/1"}],"replies":[{"embeddable":true,"href":"https:\/\/carrefourdespatrimoines.fr\/index.php?rest_route=%2Fwp%2Fv2%2Fcomments&post=5708"}],"version-history":[{"count":29,"href":"https:\/\/carrefourdespatrimoines.fr\/index.php?rest_route=\/wp\/v2\/pages\/5708\/revisions"}],"predecessor-version":[{"id":6442,"href":"https:\/\/carrefourdespatrimoines.fr\/index.php?rest_route=\/wp\/v2\/pages\/5708\/revisions\/6442"}],"wp:featuredmedia":[{"embeddable":true,"href":"https:\/\/carrefourdespatrimoines.fr\/index.php?rest_route=\/wp\/v2\/media\/5712"}],"wp:attachment":[{"href":"https:\/\/carrefourdespatrimoines.fr\/index.php?rest_route=%2Fwp%2Fv2%2Fmedia&parent=5708"}],"curies":[{"name":"wp","href":"https:\/\/api.w.org\/{rel}","templated":true}]}}

<div data-elementor-type="wp-page" data-elementor-id="5708" class="elementor elementor-5708">
						<div class="elementor-inner">
				<div class="elementor-section-wrap">
									<section class="elementor-section elementor-top-section elementor-element elementor-element-12a5677 elementor-section-boxed elementor-section-height-default elementor-section-height-default sc_fly_static" data-id="12a5677" data-element_type="section">
						<div class="elementor-container elementor-column-gap-extended">
							<div class="elementor-row">
					<div class="elementor-column elementor-col-100 elementor-top-column elementor-element elementor-element-c8b375e sc_inner_width_none sc_content_align_inherit sc_layouts_column_icons_position_left sc_fly_static" data-id="c8b375e" data-element_type="column">
			<div class="elementor-column-wrap elementor-element-populated">
							<div class="elementor-widget-wrap">
						<div class="elementor-element elementor-element-24aa753 animation_type_block sc_fly_static elementor-widget elementor-widget-text-editor" data-id="24aa753" data-element_type="widget" data-widget_type="text-editor.default">
				<div class="elementor-widget-container">
								<div class="elementor-text-editor elementor-clearfix">
				<p><strong><span style="color: #0000ff;">GROUPES :</span></strong> A partir de 20 personnes : Adressez votre demande à notre animatrice à l&#8217;adresse : <strong>contact@carrefourdespatrimoines.fr</strong></p><ul><li><strong>Visite du musée</strong> : Visite guidée de nos deux espaces d’exposition : 1h00</li><li><strong>Visite du village</strong> : Visite du village en 15 points de visite historique : 1h00</li><li><strong>Tarifs :</strong> 5€ par personne + forfait visite guidée: 25€  / Accompagnants : Gratuit .</li></ul><div><span style="color: #0000ff;"><strong>SCOLAIRES  / CENTRES DE VACANCES / CENTRES DE LOISIRS&#8230;</strong></span> : <br />Des conditions spéciales sont mises à votre disposition pour construire avec vous une visite adaptée à vos attentes. <br />Adressez votre demande et/ou votre projet à l&#8217;adresse : <strong>contact@carrefourdespatrimoines.fr</strong></div><div> </div><p><strong><span style="color: #0000ff;">MISE A DISPOSITION D&#8217;ESPACE :</span></strong>                                                                                                                                                                                                  Vous avez besoin d&#8217;un espace tout équipé pour vos réunions, séminaires, masterclass ?                                                                                            Lieu de rencontres et de partages d&#8217;expériences, notre Carrefour peut être mis à votre disposition sur demande !                                          Contactez-nous et/ou envoyez-nous votre projet à l&#8217;adresse :<strong> contact @carrefourdespatrimoines.fr</strong></p><div style="text-align: center;"><strong><span style="color: #ff6600;">Paiement par chèque et/ou en espèces.</span> </strong></div>					</div>
						</div>
				</div>
						</div>
					</div>
		</div>
								</div>
					</div>
		</section>
				<section class="elementor-section elementor-top-section elementor-element elementor-element-75dc814 elementor-section-boxed elementor-section-height-default elementor-section-height-default sc_fly_static" data-id="75dc814" data-element_type="section">
						<div class="elementor-container elementor-column-gap-extended">
							<div class="elementor-row">
					<div class="elementor-column elementor-col-50 elementor-top-column elementor-element elementor-element-75f2b58 sc_inner_width_none sc_content_align_inherit sc_layouts_column_icons_position_left sc_fly_static" data-id="75f2b58" data-element_type="column">
			<div class="elementor-column-wrap elementor-element-populated">
							<div class="elementor-widget-wrap">
						<div class="elementor-element elementor-element-626fd99 animation_type_block sc_fly_static elementor-widget elementor-widget-image" data-id="626fd99" data-element_type="widget" data-widget_type="image.default">
				<div class="elementor-widget-container">
								<div class="elementor-image">
									<figure class="wp-caption">
										<img loading="lazy" decoding="async" width="1024" height="768" src="https://carrefourdespatrimoines.fr/wp-content/uploads/2025/02/IMG_3939-1024x768.jpg" class="attachment-large size-large wp-image-6436" alt="" srcset="https://carrefourdespatrimoines.fr/wp-content/uploads/2025/02/IMG_3939-1024x768.jpg 1024w, https://carrefourdespatrimoines.fr/wp-content/uploads/2025/02/IMG_3939-300x225.jpg 300w, https://carrefourdespatrimoines.fr/wp-content/uploads/2025/02/IMG_3939-768x576.jpg 768w, https://carrefourdespatrimoines.fr/wp-content/uploads/2025/02/IMG_3939-1536x1152.jpg 1536w, https://carrefourdespatrimoines.fr/wp-content/uploads/2025/02/IMG_3939-2048x1536.jpg 2048w, https://carrefourdespatrimoines.fr/wp-content/uploads/2025/02/IMG_3939-370x278.jpg 370w, https://carrefourdespatrimoines.fr/wp-content/uploads/2025/02/IMG_3939-520x390.jpg 520w, https://carrefourdespatrimoines.fr/wp-content/uploads/2025/02/IMG_3939-760x570.jpg 760w, https://carrefourdespatrimoines.fr/wp-content/uploads/2025/02/IMG_3939-600x450.jpg 600w" sizes="auto, (max-width: 1024px) 100vw, 1024px" />											<figcaption class="widget-image-caption wp-caption-text">Salle principale du musée  : écran blanc + projecteur + matériel de conférence (micro sans fil + sonorisation) +  chaises (boissons en option)</figcaption>
										</figure>
								</div>
						</div>
				</div>
						</div>
					</div>
		</div>
				<div class="elementor-column elementor-col-50 elementor-top-column elementor-element elementor-element-293bb67 sc_inner_width_none sc_content_align_inherit sc_layouts_column_icons_position_left sc_fly_static" data-id="293bb67" data-element_type="column">
			<div class="elementor-column-wrap elementor-element-populated">
							<div class="elementor-widget-wrap">
						<div class="elementor-element elementor-element-c8ffdbd animation_type_block sc_fly_static elementor-widget elementor-widget-image" data-id="c8ffdbd" data-element_type="widget" data-widget_type="image.default">
				<div class="elementor-widget-container">
								<div class="elementor-image">
									<figure class="wp-caption">
										<img loading="lazy" decoding="async" width="1024" height="768" src="https://carrefourdespatrimoines.fr/wp-content/uploads/2022/11/snu-campan-06-1024x768.jpg" class="attachment-large size-large wp-image-5729" alt="" srcset="https://carrefourdespatrimoines.fr/wp-content/uploads/2022/11/snu-campan-06-1024x768.jpg 1024w, https://carrefourdespatrimoines.fr/wp-content/uploads/2022/11/snu-campan-06-300x225.jpg 300w, https://carrefourdespatrimoines.fr/wp-content/uploads/2022/11/snu-campan-06-768x576.jpg 768w, https://carrefourdespatrimoines.fr/wp-content/uploads/2022/11/snu-campan-06-370x278.jpg 370w, https://carrefourdespatrimoines.fr/wp-content/uploads/2022/11/snu-campan-06-520x390.jpg 520w, https://carrefourdespatrimoines.fr/wp-content/uploads/2022/11/snu-campan-06-760x570.jpg 760w, https://carrefourdespatrimoines.fr/wp-content/uploads/2022/11/snu-campan-06-600x450.jpg 600w, https://carrefourdespatrimoines.fr/wp-content/uploads/2022/11/snu-campan-06.jpg 1080w" sizes="auto, (max-width: 1024px) 100vw, 1024px" />											<figcaption class="widget-image-caption wp-caption-text">Accueil de jeunes en Service National Universel</figcaption>
										</figure>
								</div>
						</div>
				</div>
						</div>
					</div>
		</div>
								</div>
					</div>
		</section>
				<section class="elementor-section elementor-top-section elementor-element elementor-element-0b1f29a elementor-section-boxed elementor-section-height-default elementor-section-height-default sc_fly_static" data-id="0b1f29a" data-element_type="section">
						<div class="elementor-container elementor-column-gap-extended">
							<div class="elementor-row">
					<div class="elementor-column elementor-col-100 elementor-top-column elementor-element elementor-element-c70bbbb sc_inner_width_none sc_content_align_inherit sc_layouts_column_icons_position_left sc_fly_static" data-id="c70bbbb" data-element_type="column">
			<div class="elementor-column-wrap elementor-element-populated">
							<div class="elementor-widget-wrap">
						<div class="elementor-element elementor-element-c30c122 animation_type_block sc_fly_static elementor-widget elementor-widget-text-editor" data-id="c30c122" data-element_type="widget" data-widget_type="text-editor.default">
				<div class="elementor-widget-container">
								<div class="elementor-text-editor elementor-clearfix">
									</div>
						</div>
				</div>
						</div>
					</div>
		</div>
								</div>
					</div>
		</section>
									</div>
			</div>
					</div>

<p>GROUPES : A partir de 20 personnes : Adressez votre demande à notre animatrice à l&#8217;adresse : contact@carrefourdespatrimoines.fr Visite du musée : Visite guidée de nos deux espaces d’exposition :&hellip;</p>
