{"id":620,"date":"2019-08-01T08:29:58","date_gmt":"2019-08-01T08:29:58","guid":{"rendered":"http:\/\/carrefourdespatrimoines.fr\/?post_type=cpt_portfolio&#038;p=620"},"modified":"2021-11-30T11:05:00","modified_gmt":"2021-11-30T10:05:00","slug":"les-aquarelles","status":"publish","type":"cpt_portfolio","link":"https:\/\/carrefourdespatrimoines.fr\/?cpt_portfolio=les-aquarelles","title":{"rendered":"Les Aquarelles"},"content":{"rendered":"\t\t<div data-elementor-type=\"wp-post\" data-elementor-id=\"620\" class=\"elementor elementor-620\">\n\t\t\t\t\t\t<div class=\"elementor-inner\">\n\t\t\t\t<div class=\"elementor-section-wrap\">\n\t\t\t\t\t\t\t\t\t<section class=\"elementor-section elementor-top-section elementor-element elementor-element-5c0be78 elementor-section-boxed elementor-section-height-default elementor-section-height-default sc_fly_static\" data-id=\"5c0be78\" data-element_type=\"section\">\n\t\t\t\t\t\t<div class=\"elementor-container elementor-column-gap-extended\">\n\t\t\t\t\t\t\t<div class=\"elementor-row\">\n\t\t\t\t\t<div class=\"elementor-column elementor-col-100 elementor-top-column elementor-element elementor-element-37a34fd sc_inner_width_none sc_content_align_inherit sc_layouts_column_icons_position_left sc_fly_static\" data-id=\"37a34fd\" data-element_type=\"column\">\n\t\t\t<div class=\"elementor-column-wrap elementor-element-populated\">\n\t\t\t\t\t\t\t<div class=\"elementor-widget-wrap\">\n\t\t\t\t\t\t<div class=\"elementor-element elementor-element-be2a195 animation_type_block sc_fly_static elementor-widget elementor-widget-heading\" data-id=\"be2a195\" data-element_type=\"widget\" data-widget_type=\"heading.default\">\n\t\t\t\t<div class=\"elementor-widget-container\">\n\t\t\t<h6 class=\"elementor-heading-title elementor-size-default\">Concours et Exposition \nd'aquarelles de Sainte-Marie-de-Campan<\/h6>\t\t<\/div>\n\t\t\t\t<\/div>\n\t\t\t\t<div class=\"elementor-element elementor-element-123df79 animation_type_block sc_fly_static elementor-widget elementor-widget-spacer\" data-id=\"123df79\" data-element_type=\"widget\" data-widget_type=\"spacer.default\">\n\t\t\t\t<div class=\"elementor-widget-container\">\n\t\t\t\t\t<div class=\"elementor-spacer\">\n\t\t\t<div class=\"elementor-spacer-inner\"><\/div>\n\t\t<\/div>\n\t\t\t\t<\/div>\n\t\t\t\t<\/div>\n\t\t\t\t<div class=\"elementor-element elementor-element-1ed7aee animation_type_block sc_fly_static elementor-widget elementor-widget-text-editor\" data-id=\"1ed7aee\" data-element_type=\"widget\" data-widget_type=\"text-editor.default\">\n\t\t\t\t<div class=\"elementor-widget-container\">\n\t\t\t\t\t\t\t\t<div class=\"elementor-text-editor elementor-clearfix\">\n\t\t\t\t<p>L&#8217;association Les Amis de Madame Campan organise depuis plus de vingt ans\u00a0 une exposition d&#8217;aquarelles qui a lieu tous les \u00e9t\u00e9s (deuxi\u00e8me quinzaine de juillet).<\/p><p>L&#8217;invitation est ouverte aux artistes de toute la France qui souhaitent exposer leur aquarelles sur le th\u00e8me des Pyr\u00e9n\u00e9es.<\/p><p>Cette exposition est ouverte \u00e0 tous les niveaux (amateurs et confirm\u00e9s) et \u00e0 toutes les pratiques d&#8217;aquarelles.<\/p><p>Le jour du vernissage, moment convivial ou les artistes peuvent \u00e9changer sur leurs pratiques,\u00a0 de nombreux prix r\u00e9compensent les aquarellistes (prix pour les confirm\u00e9s et les non-confirm\u00e9s)<\/p><p>Par la transparence des couleurs des Aquarelles, c\u2019est la vision de l\u2019artiste sur les Pyr\u00e9n\u00e9es et sur notre environnement qui est alors recherch\u00e9e et r\u00e9compens\u00e9e. C\u2019est le sens de notre Concours d\u2019aquarelles, concours de niveau national proposant r\u00e9guli\u00e8rement quelques 80 artistes et fr\u00e9quent\u00e9 par 1500 visiteurs.<\/p>\t\t\t\t\t<\/div>\n\t\t\t\t\t\t<\/div>\n\t\t\t\t<\/div>\n\t\t\t\t\t\t<\/div>\n\t\t\t\t\t<\/div>\n\t\t<\/div>\n\t\t\t\t\t\t\t\t<\/div>\n\t\t\t\t\t<\/div>\n\t\t<\/section>\n\t\t\t\t<section class=\"elementor-section elementor-top-section elementor-element elementor-element-f41d482 elementor-section-boxed elementor-section-height-default elementor-section-height-default sc_fly_static\" data-id=\"f41d482\" data-element_type=\"section\">\n\t\t\t\t\t\t<div class=\"elementor-container elementor-column-gap-extended\">\n\t\t\t\t\t\t\t<div class=\"elementor-row\">\n\t\t\t\t\t<div class=\"elementor-column elementor-col-100 elementor-top-column elementor-element elementor-element-db229e8 sc_inner_width_none sc_content_align_inherit sc_layouts_column_icons_position_left sc_fly_static\" data-id=\"db229e8\" data-element_type=\"column\">\n\t\t\t<div class=\"elementor-column-wrap\">\n\t\t\t\t\t\t\t<div class=\"elementor-widget-wrap\">\n\t\t\t\t\t\t\t\t<\/div>\n\t\t\t\t\t<\/div>\n\t\t<\/div>\n\t\t\t\t\t\t\t\t<\/div>\n\t\t\t\t\t<\/div>\n\t\t<\/section>\n\t\t\t\t\t\t\t\t\t<\/div>\n\t\t\t<\/div>\n\t\t\t\t\t<\/div>\n\t\t","protected":false},"excerpt":{"rendered":"<p>Concours et Exposition d&#8217;aquarelles de Sainte-Marie-de-Campan L&#8217;association Les Amis de Madame Campan organise depuis plus de vingt ans\u00a0 une exposition d&#8217;aquarelles qui a lieu tous les \u00e9t\u00e9s (deuxi\u00e8me quinzaine de&hellip;<\/p>\n","protected":false},"author":1,"featured_media":2781,"comment_status":"closed","ping_status":"closed","template":"","cpt_portfolio_group":[31],"class_list":["post-620","cpt_portfolio","type-cpt_portfolio","status-publish","has-post-thumbnail","hentry","cpt_portfolio_group-activites"],"_links":{"self":[{"href":"https:\/\/carrefourdespatrimoines.fr\/index.php?rest_route=\/wp\/v2\/cpt_portfolio\/620","targetHints":{"allow":["GET"]}}],"collection":[{"href":"https:\/\/carrefourdespatrimoines.fr\/index.php?rest_route=\/wp\/v2\/cpt_portfolio"}],"about":[{"href":"https:\/\/carrefourdespatrimoines.fr\/index.php?rest_route=\/wp\/v2\/types\/cpt_portfolio"}],"author":[{"embeddable":true,"href":"https:\/\/carrefourdespatrimoines.fr\/index.php?rest_route=\/wp\/v2\/users\/1"}],"replies":[{"embeddable":true,"href":"https:\/\/carrefourdespatrimoines.fr\/index.php?rest_route=%2Fwp%2Fv2%2Fcomments&post=620"}],"version-history":[{"count":35,"href":"https:\/\/carrefourdespatrimoines.fr\/index.php?rest_route=\/wp\/v2\/cpt_portfolio\/620\/revisions"}],"predecessor-version":[{"id":4274,"href":"https:\/\/carrefourdespatrimoines.fr\/index.php?rest_route=\/wp\/v2\/cpt_portfolio\/620\/revisions\/4274"}],"wp:featuredmedia":[{"embeddable":true,"href":"https:\/\/carrefourdespatrimoines.fr\/index.php?rest_route=\/wp\/v2\/media\/2781"}],"wp:attachment":[{"href":"https:\/\/carrefourdespatrimoines.fr\/index.php?rest_route=%2Fwp%2Fv2%2Fmedia&parent=620"}],"wp:term":[{"taxonomy":"cpt_portfolio_group","embeddable":true,"href":"https:\/\/carrefourdespatrimoines.fr\/index.php?rest_route=%2Fwp%2Fv2%2Fcpt_portfolio_group&post=620"}],"curies":[{"name":"wp","href":"https:\/\/api.w.org\/{rel}","templated":true}]}}

<div data-elementor-type="wp-post" data-elementor-id="620" class="elementor elementor-620">
						<div class="elementor-inner">
				<div class="elementor-section-wrap">
									<section class="elementor-section elementor-top-section elementor-element elementor-element-5c0be78 elementor-section-boxed elementor-section-height-default elementor-section-height-default sc_fly_static" data-id="5c0be78" data-element_type="section">
						<div class="elementor-container elementor-column-gap-extended">
							<div class="elementor-row">
					<div class="elementor-column elementor-col-100 elementor-top-column elementor-element elementor-element-37a34fd sc_inner_width_none sc_content_align_inherit sc_layouts_column_icons_position_left sc_fly_static" data-id="37a34fd" data-element_type="column">
			<div class="elementor-column-wrap elementor-element-populated">
							<div class="elementor-widget-wrap">
						<div class="elementor-element elementor-element-be2a195 animation_type_block sc_fly_static elementor-widget elementor-widget-heading" data-id="be2a195" data-element_type="widget" data-widget_type="heading.default">
				<div class="elementor-widget-container">
			<h6 class="elementor-heading-title elementor-size-default">Concours et Exposition 
d'aquarelles de Sainte-Marie-de-Campan</h6>		</div>
				</div>
				<div class="elementor-element elementor-element-123df79 animation_type_block sc_fly_static elementor-widget elementor-widget-spacer" data-id="123df79" data-element_type="widget" data-widget_type="spacer.default">
				<div class="elementor-widget-container">
					<div class="elementor-spacer">
			<div class="elementor-spacer-inner"></div>
		</div>
				</div>
				</div>
				<div class="elementor-element elementor-element-1ed7aee animation_type_block sc_fly_static elementor-widget elementor-widget-text-editor" data-id="1ed7aee" data-element_type="widget" data-widget_type="text-editor.default">
				<div class="elementor-widget-container">
								<div class="elementor-text-editor elementor-clearfix">
				<p>L&#8217;association Les Amis de Madame Campan organise depuis plus de vingt ans  une exposition d&#8217;aquarelles qui a lieu tous les étés (deuxième quinzaine de juillet).</p><p>L&#8217;invitation est ouverte aux artistes de toute la France qui souhaitent exposer leur aquarelles sur le thème des Pyrénées.</p><p>Cette exposition est ouverte à tous les niveaux (amateurs et confirmés) et à toutes les pratiques d&#8217;aquarelles.</p><p>Le jour du vernissage, moment convivial ou les artistes peuvent échanger sur leurs pratiques,  de nombreux prix récompensent les aquarellistes (prix pour les confirmés et les non-confirmés)</p><p>Par la transparence des couleurs des Aquarelles, c’est la vision de l’artiste sur les Pyrénées et sur notre environnement qui est alors recherchée et récompensée. C’est le sens de notre Concours d’aquarelles, concours de niveau national proposant régulièrement quelques 80 artistes et fréquenté par 1500 visiteurs.</p>					</div>
						</div>
				</div>
						</div>
					</div>
		</div>
								</div>
					</div>
		</section>
				<section class="elementor-section elementor-top-section elementor-element elementor-element-f41d482 elementor-section-boxed elementor-section-height-default elementor-section-height-default sc_fly_static" data-id="f41d482" data-element_type="section">
						<div class="elementor-container elementor-column-gap-extended">
							<div class="elementor-row">
					<div class="elementor-column elementor-col-100 elementor-top-column elementor-element elementor-element-db229e8 sc_inner_width_none sc_content_align_inherit sc_layouts_column_icons_position_left sc_fly_static" data-id="db229e8" data-element_type="column">
			<div class="elementor-column-wrap">
							<div class="elementor-widget-wrap">
								</div>
					</div>
		</div>
								</div>
					</div>
		</section>
									</div>
			</div>
					</div>

<p>Concours et Exposition d&#8217;aquarelles de Sainte-Marie-de-Campan L&#8217;association Les Amis de Madame Campan organise depuis plus de vingt ans  une exposition d&#8217;aquarelles qui a lieu tous les étés (deuxième quinzaine de&hellip;</p>
