{"id":580,"date":"2019-07-31T14:17:03","date_gmt":"2019-07-31T14:17:03","guid":{"rendered":"http:\/\/carrefourdespatrimoines.fr\/?post_type=cpt_portfolio&#038;p=580"},"modified":"2021-12-01T11:29:39","modified_gmt":"2021-12-01T10:29:39","slug":"le-theatre","status":"publish","type":"cpt_portfolio","link":"https:\/\/carrefourdespatrimoines.fr\/?cpt_portfolio=le-theatre","title":{"rendered":"Le th\u00e9\u00e2tre"},"content":{"rendered":"\t\t<div data-elementor-type=\"wp-post\" data-elementor-id=\"580\" class=\"elementor elementor-580\">\n\t\t\t\t\t\t<div class=\"elementor-inner\">\n\t\t\t\t<div class=\"elementor-section-wrap\">\n\t\t\t\t\t\t\t\t\t<section class=\"elementor-section elementor-top-section elementor-element elementor-element-90c7d59 elementor-section-boxed elementor-section-height-default elementor-section-height-default sc_fly_static\" data-id=\"90c7d59\" data-element_type=\"section\">\n\t\t\t\t\t\t<div class=\"elementor-container elementor-column-gap-no\">\n\t\t\t\t\t\t\t<div class=\"elementor-row\">\n\t\t\t\t\t<div class=\"elementor-column elementor-col-100 elementor-top-column elementor-element elementor-element-780285d sc_inner_width_none sc_content_align_inherit sc_layouts_column_icons_position_left sc_fly_static\" data-id=\"780285d\" data-element_type=\"column\">\n\t\t\t<div class=\"elementor-column-wrap elementor-element-populated\">\n\t\t\t\t\t\t\t<div class=\"elementor-widget-wrap\">\n\t\t\t\t\t\t<div class=\"elementor-element elementor-element-93ad52f animation_type_block sc_fly_static elementor-widget elementor-widget-text-editor\" data-id=\"93ad52f\" data-element_type=\"widget\" data-widget_type=\"text-editor.default\">\n\t\t\t\t<div class=\"elementor-widget-container\">\n\t\t\t\t\t\t\t\t<div class=\"elementor-text-editor elementor-clearfix\">\n\t\t\t\t<h5>Le th\u00e9\u00e2tre\u00a0 dans la vall\u00e9e de Campan<\/h5><p>A l\u2019initiative de <strong>Jean-Fran\u00e7ois Rabaud<\/strong>\u00a0professeur de fran\u00e7ais retrait\u00e9, l\u2019association <a href=\"https:\/\/www.facebook.com\/groups\/6940164802\">Les ailes du th\u00e9\u00e2tre<\/a> organise depuis plus de quinze ans, au mois d\u2019ao\u00fbt une nouvelle interpr\u00e9tation d\u2019un grand classique du th\u00e9\u00e2tre.<\/p><p>L&#8217;association Les Amis de Madame Campan organise sa venue sur le territoire tous les \u00e9t\u00e9s au mois d&#8217;Ao\u00fbt.<\/p><p>Une trentaine personnes se retrouvent la premi\u00e8re quinzaine d\u2019Aout pour r\u00e9p\u00e9ter en vue de faire plusieurs spectacles r\u00e9partis sur la vall\u00e9e de Campan.<\/p><p>La troupe sollicite \u00e9galement des jeunes gens de la vall\u00e9e. Ainsi cette ann\u00e9e 12 jeunes de la vall\u00e9e vont s\u2019investir pendant 15 jours afin d\u2019\u00eatre au point le jour J.<\/p><p>Sur le principe de la Colonie, ces 40 jeunes se retrouvent et \u00e9laborent une pi\u00e8ce de th\u00e9\u00e2tre tous ensemble.<\/p><p>Association Campanoise qui d\u00e9veloppe une action culturelle \u00e0 destination du public du Haut-Adour dont la mission principale est de produire un spectacle pr\u00e9sent\u00e9 par le regroupement de jeunes amateur et de jeunes vall\u00e9ens, diffusant alors la culture et sensibilisant les plus jeunes \u00e0 l&#8217;art du th\u00e9\u00e2tre.<\/p>\t\t\t\t\t<\/div>\n\t\t\t\t\t\t<\/div>\n\t\t\t\t<\/div>\n\t\t\t\t\t\t<\/div>\n\t\t\t\t\t<\/div>\n\t\t<\/div>\n\t\t\t\t\t\t\t\t<\/div>\n\t\t\t\t\t<\/div>\n\t\t<\/section>\n\t\t\t\t<section class=\"elementor-section elementor-top-section elementor-element elementor-element-f8915b8 elementor-section-boxed elementor-section-height-default elementor-section-height-default sc_fly_static\" data-id=\"f8915b8\" data-element_type=\"section\">\n\t\t\t\t\t\t<div class=\"elementor-container elementor-column-gap-no\">\n\t\t\t\t\t\t\t<div class=\"elementor-row\">\n\t\t\t\t\t<div class=\"elementor-column elementor-col-100 elementor-top-column elementor-element elementor-element-42dbf47 sc_inner_width_none sc_content_align_inherit sc_layouts_column_icons_position_left sc_fly_static\" data-id=\"42dbf47\" data-element_type=\"column\">\n\t\t\t<div class=\"elementor-column-wrap elementor-element-populated\">\n\t\t\t\t\t\t\t<div class=\"elementor-widget-wrap\">\n\t\t\t\t\t\t<div class=\"elementor-element elementor-element-5249825 sc_height_medium animation_type_block sc_fly_static elementor-widget elementor-widget-spacer\" data-id=\"5249825\" data-element_type=\"widget\" data-widget_type=\"spacer.default\">\n\t\t\t\t<div class=\"elementor-widget-container\">\n\t\t\t\t\t<div class=\"elementor-spacer\">\n\t\t\t<div class=\"elementor-spacer-inner\"><\/div>\n\t\t<\/div>\n\t\t\t\t<\/div>\n\t\t\t\t<\/div>\n\t\t\t\t<div class=\"elementor-element elementor-element-d8af48c animation_type_block sc_fly_static elementor-widget elementor-widget-image\" data-id=\"d8af48c\" data-element_type=\"widget\" data-widget_type=\"image.default\">\n\t\t\t\t<div class=\"elementor-widget-container\">\n\t\t\t\t\t\t\t\t<div class=\"elementor-image\">\n\t\t\t\t\t\t\t\t\t\t\t\t<img loading=\"lazy\" decoding=\"async\" width=\"1024\" height=\"736\" src=\"https:\/\/carrefourdespatrimoines.fr\/wp-content\/uploads\/2019\/07\/13_Don_Quijote-1024x736.jpg\" class=\"attachment-large size-large wp-image-2768\" alt=\"\" srcset=\"https:\/\/carrefourdespatrimoines.fr\/wp-content\/uploads\/2019\/07\/13_Don_Quijote-1024x736.jpg 1024w, https:\/\/carrefourdespatrimoines.fr\/wp-content\/uploads\/2019\/07\/13_Don_Quijote-300x216.jpg 300w, https:\/\/carrefourdespatrimoines.fr\/wp-content\/uploads\/2019\/07\/13_Don_Quijote-600x431.jpg 600w, https:\/\/carrefourdespatrimoines.fr\/wp-content\/uploads\/2019\/07\/13_Don_Quijote-768x552.jpg 768w, https:\/\/carrefourdespatrimoines.fr\/wp-content\/uploads\/2019\/07\/13_Don_Quijote-370x266.jpg 370w, https:\/\/carrefourdespatrimoines.fr\/wp-content\/uploads\/2019\/07\/13_Don_Quijote-760x546.jpg 760w, https:\/\/carrefourdespatrimoines.fr\/wp-content\/uploads\/2019\/07\/13_Don_Quijote.jpg 1502w\" sizes=\"auto, (max-width: 1024px) 100vw, 1024px\" \/>\t\t\t\t\t\t\t\t\t\t\t\t\t\t<\/div>\n\t\t\t\t\t\t<\/div>\n\t\t\t\t<\/div>\n\t\t\t\t<div class=\"elementor-element elementor-element-985c6dc sc_height_medium animation_type_block sc_fly_static elementor-widget elementor-widget-spacer\" data-id=\"985c6dc\" data-element_type=\"widget\" data-widget_type=\"spacer.default\">\n\t\t\t\t<div class=\"elementor-widget-container\">\n\t\t\t\t\t<div class=\"elementor-spacer\">\n\t\t\t<div class=\"elementor-spacer-inner\"><\/div>\n\t\t<\/div>\n\t\t\t\t<\/div>\n\t\t\t\t<\/div>\n\t\t\t\t\t\t<\/div>\n\t\t\t\t\t<\/div>\n\t\t<\/div>\n\t\t\t\t\t\t\t\t<\/div>\n\t\t\t\t\t<\/div>\n\t\t<\/section>\n\t\t\t\t<section class=\"elementor-section elementor-top-section elementor-element elementor-element-2ecd3b4 elementor-section-boxed elementor-section-height-default elementor-section-height-default sc_fly_static\" data-id=\"2ecd3b4\" data-element_type=\"section\">\n\t\t\t\t\t\t<div class=\"elementor-container elementor-column-gap-no\">\n\t\t\t\t\t\t\t<div class=\"elementor-row\">\n\t\t\t\t\t<div class=\"elementor-column elementor-col-100 elementor-top-column elementor-element elementor-element-1d82219 sc_inner_width_none sc_content_align_inherit sc_layouts_column_icons_position_left sc_fly_static\" data-id=\"1d82219\" data-element_type=\"column\">\n\t\t\t<div class=\"elementor-column-wrap elementor-element-populated\">\n\t\t\t\t\t\t\t<div class=\"elementor-widget-wrap\">\n\t\t\t\t\t\t<div class=\"elementor-element elementor-element-4e2d08f animation_type_block sc_fly_static elementor-widget elementor-widget-text-editor\" data-id=\"4e2d08f\" data-element_type=\"widget\" data-widget_type=\"text-editor.default\">\n\t\t\t\t<div class=\"elementor-widget-container\">\n\t\t\t\t\t\t\t\t<div class=\"elementor-text-editor elementor-clearfix\">\n\t\t\t\t<p>Au-del\u00e0 des actions concr\u00e8tes, ces rencontres sont autant d\u2019\u00e9v\u00e9nements qui derri\u00e8re le caract\u00e8re festif et chaleureux favorisent des \u00e9changes fructueux entre des populations d\u2019origine et de situations sociales tr\u00e8s diverses.<\/p><ul class=\"trx_addons_list_success trx_addons_list_success_circled\"><li><p>Offre culturelle de qualit\u00e9 en milieu rural<\/p><\/li><li><p>Ev\u00e8nement f\u00e9d\u00e9rateur\u00a0: 40 jeunes en moyenne<\/p><\/li><li><p>Ouverture \u00e0 une mixit\u00e9 culturelle entre de jeunes amateurs et des enfants et des jeunes vall\u00e9ens par le biais du th\u00e9\u00e2tre.<\/p><\/li><\/ul><p>\u00a0<\/p>\t\t\t\t\t<\/div>\n\t\t\t\t\t\t<\/div>\n\t\t\t\t<\/div>\n\t\t\t\t<div class=\"elementor-element elementor-element-bc565cb animation_type_block sc_fly_static elementor-widget elementor-widget-spacer\" data-id=\"bc565cb\" data-element_type=\"widget\" data-widget_type=\"spacer.default\">\n\t\t\t\t<div class=\"elementor-widget-container\">\n\t\t\t\t\t<div class=\"elementor-spacer\">\n\t\t\t<div class=\"elementor-spacer-inner\"><\/div>\n\t\t<\/div>\n\t\t\t\t<\/div>\n\t\t\t\t<\/div>\n\t\t\t\t\t\t<\/div>\n\t\t\t\t\t<\/div>\n\t\t<\/div>\n\t\t\t\t\t\t\t\t<\/div>\n\t\t\t\t\t<\/div>\n\t\t<\/section>\n\t\t\t\t\t\t\t\t\t<\/div>\n\t\t\t<\/div>\n\t\t\t\t\t<\/div>\n\t\t","protected":false},"excerpt":{"rendered":"<p>Le th\u00e9\u00e2tre\u00a0 dans la vall\u00e9e de Campan A l\u2019initiative de Jean-Fran\u00e7ois Rabaud\u00a0professeur de fran\u00e7ais retrait\u00e9, l\u2019association Les ailes du th\u00e9\u00e2tre organise depuis plus de quinze ans, au mois d\u2019ao\u00fbt une&hellip;<\/p>\n","protected":false},"author":1,"featured_media":2695,"comment_status":"closed","ping_status":"closed","template":"","cpt_portfolio_group":[31,61],"class_list":["post-580","cpt_portfolio","type-cpt_portfolio","status-publish","has-post-thumbnail","hentry","cpt_portfolio_group-activites","cpt_portfolio_group-theatre"],"_links":{"self":[{"href":"https:\/\/carrefourdespatrimoines.fr\/index.php?rest_route=\/wp\/v2\/cpt_portfolio\/580","targetHints":{"allow":["GET"]}}],"collection":[{"href":"https:\/\/carrefourdespatrimoines.fr\/index.php?rest_route=\/wp\/v2\/cpt_portfolio"}],"about":[{"href":"https:\/\/carrefourdespatrimoines.fr\/index.php?rest_route=\/wp\/v2\/types\/cpt_portfolio"}],"author":[{"embeddable":true,"href":"https:\/\/carrefourdespatrimoines.fr\/index.php?rest_route=\/wp\/v2\/users\/1"}],"replies":[{"embeddable":true,"href":"https:\/\/carrefourdespatrimoines.fr\/index.php?rest_route=%2Fwp%2Fv2%2Fcomments&post=580"}],"version-history":[{"count":20,"href":"https:\/\/carrefourdespatrimoines.fr\/index.php?rest_route=\/wp\/v2\/cpt_portfolio\/580\/revisions"}],"predecessor-version":[{"id":4314,"href":"https:\/\/carrefourdespatrimoines.fr\/index.php?rest_route=\/wp\/v2\/cpt_portfolio\/580\/revisions\/4314"}],"wp:featuredmedia":[{"embeddable":true,"href":"https:\/\/carrefourdespatrimoines.fr\/index.php?rest_route=\/wp\/v2\/media\/2695"}],"wp:attachment":[{"href":"https:\/\/carrefourdespatrimoines.fr\/index.php?rest_route=%2Fwp%2Fv2%2Fmedia&parent=580"}],"wp:term":[{"taxonomy":"cpt_portfolio_group","embeddable":true,"href":"https:\/\/carrefourdespatrimoines.fr\/index.php?rest_route=%2Fwp%2Fv2%2Fcpt_portfolio_group&post=580"}],"curies":[{"name":"wp","href":"https:\/\/api.w.org\/{rel}","templated":true}]}}

Le théâtre

<div data-elementor-type="wp-post" data-elementor-id="580" class="elementor elementor-580">
						<div class="elementor-inner">
				<div class="elementor-section-wrap">
									<section class="elementor-section elementor-top-section elementor-element elementor-element-90c7d59 elementor-section-boxed elementor-section-height-default elementor-section-height-default sc_fly_static" data-id="90c7d59" data-element_type="section">
						<div class="elementor-container elementor-column-gap-no">
							<div class="elementor-row">
					<div class="elementor-column elementor-col-100 elementor-top-column elementor-element elementor-element-780285d sc_inner_width_none sc_content_align_inherit sc_layouts_column_icons_position_left sc_fly_static" data-id="780285d" data-element_type="column">
			<div class="elementor-column-wrap elementor-element-populated">
							<div class="elementor-widget-wrap">
						<div class="elementor-element elementor-element-93ad52f animation_type_block sc_fly_static elementor-widget elementor-widget-text-editor" data-id="93ad52f" data-element_type="widget" data-widget_type="text-editor.default">
				<div class="elementor-widget-container">
								<div class="elementor-text-editor elementor-clearfix">
				<h5>Le théâtre  dans la vallée de Campan</h5><p>A l’initiative de <strong>Jean-François Rabaud</strong> professeur de français retraité, l’association <a href="https://www.facebook.com/groups/6940164802">Les ailes du théâtre</a> organise depuis plus de quinze ans, au mois d’août une nouvelle interprétation d’un grand classique du théâtre.</p><p>L&#8217;association Les Amis de Madame Campan organise sa venue sur le territoire tous les étés au mois d&#8217;Août.</p><p>Une trentaine personnes se retrouvent la première quinzaine d’Aout pour répéter en vue de faire plusieurs spectacles répartis sur la vallée de Campan.</p><p>La troupe sollicite également des jeunes gens de la vallée. Ainsi cette année 12 jeunes de la vallée vont s’investir pendant 15 jours afin d’être au point le jour J.</p><p>Sur le principe de la Colonie, ces 40 jeunes se retrouvent et élaborent une pièce de théâtre tous ensemble.</p><p>Association Campanoise qui développe une action culturelle à destination du public du Haut-Adour dont la mission principale est de produire un spectacle présenté par le regroupement de jeunes amateur et de jeunes valléens, diffusant alors la culture et sensibilisant les plus jeunes à l&#8217;art du théâtre.</p>					</div>
						</div>
				</div>
						</div>
					</div>
		</div>
								</div>
					</div>
		</section>
				<section class="elementor-section elementor-top-section elementor-element elementor-element-f8915b8 elementor-section-boxed elementor-section-height-default elementor-section-height-default sc_fly_static" data-id="f8915b8" data-element_type="section">
						<div class="elementor-container elementor-column-gap-no">
							<div class="elementor-row">
					<div class="elementor-column elementor-col-100 elementor-top-column elementor-element elementor-element-42dbf47 sc_inner_width_none sc_content_align_inherit sc_layouts_column_icons_position_left sc_fly_static" data-id="42dbf47" data-element_type="column">
			<div class="elementor-column-wrap elementor-element-populated">
							<div class="elementor-widget-wrap">
						<div class="elementor-element elementor-element-5249825 sc_height_medium animation_type_block sc_fly_static elementor-widget elementor-widget-spacer" data-id="5249825" data-element_type="widget" data-widget_type="spacer.default">
				<div class="elementor-widget-container">
					<div class="elementor-spacer">
			<div class="elementor-spacer-inner"></div>
		</div>
				</div>
				</div>
				<div class="elementor-element elementor-element-d8af48c animation_type_block sc_fly_static elementor-widget elementor-widget-image" data-id="d8af48c" data-element_type="widget" data-widget_type="image.default">
				<div class="elementor-widget-container">
								<div class="elementor-image">
												<img loading="lazy" decoding="async" width="1024" height="736" src="https://carrefourdespatrimoines.fr/wp-content/uploads/2019/07/13_Don_Quijote-1024x736.jpg" class="attachment-large size-large wp-image-2768" alt="" srcset="https://carrefourdespatrimoines.fr/wp-content/uploads/2019/07/13_Don_Quijote-1024x736.jpg 1024w, https://carrefourdespatrimoines.fr/wp-content/uploads/2019/07/13_Don_Quijote-300x216.jpg 300w, https://carrefourdespatrimoines.fr/wp-content/uploads/2019/07/13_Don_Quijote-600x431.jpg 600w, https://carrefourdespatrimoines.fr/wp-content/uploads/2019/07/13_Don_Quijote-768x552.jpg 768w, https://carrefourdespatrimoines.fr/wp-content/uploads/2019/07/13_Don_Quijote-370x266.jpg 370w, https://carrefourdespatrimoines.fr/wp-content/uploads/2019/07/13_Don_Quijote-760x546.jpg 760w, https://carrefourdespatrimoines.fr/wp-content/uploads/2019/07/13_Don_Quijote.jpg 1502w" sizes="auto, (max-width: 1024px) 100vw, 1024px" />														</div>
						</div>
				</div>
				<div class="elementor-element elementor-element-985c6dc sc_height_medium animation_type_block sc_fly_static elementor-widget elementor-widget-spacer" data-id="985c6dc" data-element_type="widget" data-widget_type="spacer.default">
				<div class="elementor-widget-container">
					<div class="elementor-spacer">
			<div class="elementor-spacer-inner"></div>
		</div>
				</div>
				</div>
						</div>
					</div>
		</div>
								</div>
					</div>
		</section>
				<section class="elementor-section elementor-top-section elementor-element elementor-element-2ecd3b4 elementor-section-boxed elementor-section-height-default elementor-section-height-default sc_fly_static" data-id="2ecd3b4" data-element_type="section">
						<div class="elementor-container elementor-column-gap-no">
							<div class="elementor-row">
					<div class="elementor-column elementor-col-100 elementor-top-column elementor-element elementor-element-1d82219 sc_inner_width_none sc_content_align_inherit sc_layouts_column_icons_position_left sc_fly_static" data-id="1d82219" data-element_type="column">
			<div class="elementor-column-wrap elementor-element-populated">
							<div class="elementor-widget-wrap">
						<div class="elementor-element elementor-element-4e2d08f animation_type_block sc_fly_static elementor-widget elementor-widget-text-editor" data-id="4e2d08f" data-element_type="widget" data-widget_type="text-editor.default">
				<div class="elementor-widget-container">
								<div class="elementor-text-editor elementor-clearfix">
				<p>Au-delà des actions concrètes, ces rencontres sont autant d’événements qui derrière le caractère festif et chaleureux favorisent des échanges fructueux entre des populations d’origine et de situations sociales très diverses.</p><ul class="trx_addons_list_success trx_addons_list_success_circled"><li><p>Offre culturelle de qualité en milieu rural</p></li><li><p>Evènement fédérateur : 40 jeunes en moyenne</p></li><li><p>Ouverture à une mixité culturelle entre de jeunes amateurs et des enfants et des jeunes valléens par le biais du théâtre.</p></li></ul><p> </p>					</div>
						</div>
				</div>
				<div class="elementor-element elementor-element-bc565cb animation_type_block sc_fly_static elementor-widget elementor-widget-spacer" data-id="bc565cb" data-element_type="widget" data-widget_type="spacer.default">
				<div class="elementor-widget-container">
					<div class="elementor-spacer">
			<div class="elementor-spacer-inner"></div>
		</div>
				</div>
				</div>
						</div>
					</div>
		</div>
								</div>
					</div>
		</section>
									</div>
			</div>
					</div>

<p>Le théâtre  dans la vallée de Campan A l’initiative de Jean-François Rabaud professeur de français retraité, l’association Les ailes du théâtre organise depuis plus de quinze ans, au mois d’août une&hellip;</p>
